 u**3 + 7*u**2 + 3*u - 2. Calculate the remainder when t(-5) is divided by y(10).
6
Suppose g + g + 6 = 0. Let o = -31 - -53. What is the remainder when o is divided by g/2*(1 + -9)?
10
Suppose -8 + 2 = -3*w, 2*w + 6 = 2*a. What is the remainder when 42 is divided by a?
2
Let k(u) = -u**3 - 11*u**2 + 24*u - 8. Let r(f) = f - 6. Let d be r(5). Calculate the remainder when k(-13) is divided by (0 + d + 0)*-10.
8
Suppose o + 15 = 2*b - 0*o, 0 = 5*o + 15. Suppose -230 = -b*z + 46. Calculate the remainder when z is divided by 12.
10
Let q(t) = 2*t**2 - 7*t + 4. Let c be 6/(1/((-15)/(-6))). Suppose -2*h - 4*d - c = -3*h, 3*h - 5*d = 31. What is the remainder when q(5) is divided by h?
5
Let h = 18 - 7. Let y be 3/(-9) - (-41)/(-3). Let l = y + 45. What is the remainder when l is divided by h?
9
Suppose -2*t = -18 - 150. Calculate the remainder when (-8)/4*86/(-4) is divided by (-2)/(t/45 - 2).
13
Suppose -6*q + 10*q = 44. Calculate the remainder when 21 is divided by q.
10
Suppose 0 = 3*l - 6*l + 552. What is the remainder when l is divided by 47?
43
Let b(w) = -6*w + 2. Let h(v) = -8*v + 4. Calculate the remainder when b(-2) is divided by h(0).
2
Suppose 0 = 3*b + 5 - 50. Let j = -28 - -32. Calculate the remainder when b is divided by j.
3
Suppose 4 = -4*f + 6*f. Suppose f*x = -2*x + 140. Let j = -15 + 33. What is the remainder when x is divided by j?
17
Suppose j = 5*s + 3*j - 147, -s - 3*j + 32 = 0. What is the remainder when s is divided by 8?
5
Suppose 9 = -3*p + 3*u, 0 = -4*p + 3*p + 4*u - 12. Let w be -8 + (p - 6/2). Let h = w + 16. What is the remainder when 8 is divided by h?
3
Let q = 7 - 12. Let o be (0 + q - 1)/(-2). Suppose -54 + 3 = -o*m. Calculate the remainder when m is divided by 9.
8
Suppose -q - 79 = -4*o, q = 2*o - 3*o + 21. Calculate the remainder when 37 is divided by o.
17
Let t = 71 - 48. Calculate the remainder when t is divided by 13.
10
Suppose 0*x + 4*x = 0. Suppose -5*f - 25 = x, 0*f = 2*j + 2*f - 30. Let z(l) = -l + 4. What is the remainder when j is divided by z(-7)?
9
Suppose -5*d = 5*a - 5, -7 = -3*a + d + 12. Let s = -457 - -476. Calculate the remainder when s is divided by a.
4
Suppose -68 = 4*u + h + 145, 3*u = -2*h - 166. Let n = -34 - u. Calculate the remainder when n is divided by 5.
3
Suppose o + 2*o - 24 = 0. Let w be (-410)/18 - (-4)/(-18). Let z = 6 - w. Calculate the remainder when z is divided by o.
5
Let l = -1 + 6. Suppose -2*m - m + 434 = 5*b, l*m - 702 = -3*b. Let y = -82 + m. Calculate the remainder when y is divided by 19.
18
Let v(h) = -h**3 + 5*h**2 + 4*h - 1. Let d(m) = -2*m + 10. What is the remainder when v(5) is divided by d(0)?
9
Let v(z) = 2*z**2 - 10*z + 6. Suppose -1 = 2*i - 15. Suppose -i*a + 10 = -5*a. Calculate the remainder when v(6) is divided by a.
3
Let s = -7 - -11. Suppose s*m - m + 2*y - 160 = 0, 0 = -m + y + 45. What is the remainder when m is divided by 13?
11
Suppose -4*a + 0*a = -200. Calculate the remainder when a is divided by 15.
5
Suppose -5*v - 4*s = -219, -v = -2*v - 2*s + 39. What is the remainder when v is divided by ((-144)/90)/((-1)/10)?
15
Let g(r) = -4*r + r**3 + r**2 + 0*r**3 + 7*r**2. Calculate the remainder when g(-8) is divided by 11.
10
Suppose 0 = 3*y - y - 6. Suppose 4*b + 13 = 3*l + 5*b, -y*l + 5*b = -7. Suppose -4*r + l = 0, 7 = 2*m - m - 4*r. What is the remainder when 21 is divided by m?
10
Let y(d) = -12*d**3 + d**2 - 1. Let n be 294/2 + 4/4. Suppose -3*s + 152 = 4*b, 5*b + 2*s = b + n. What is the remainder when b is divided by y(-1)?
11
Suppose -5*s + 0 = -5. Let h = -16 - -17. Calculate the remainder when s is divided by h.
0
Suppose 0 = -5*k - 3*p + 1, k + 10 = 4*p - 8*p. Let f be (-2)/3 - 14/(-3). Let l = f - k. Calculate the remainder when 2 is divided by l.
0
Let o(a) = a**2 - a. Let k = -6 - -9. Calculate the remainder when 16 is divided by o(k).
4
Let t = -11 - -18. Let m(p) = p**3 - 6*p**2 - p + 7. Let g(q) = -18*q**3 - 2*q**2 - q. What is the remainder when m(t) is divided by g(-1)?
15
Suppose 3*g + g = -3*i + 26, -3*g + 44 = 4*i. Calculate the remainder when 41 is divided by i.
13
Suppose r = -s - 3*r - 19, -11 = s - 4*r. Calculate the remainder when (6*1)/(s/(-40)) is divided by 6.
4
Suppose 254 = 4*n + 5*f, -2*f - 234 = -4*n + 3*f. What is the remainder when n is divided by 16?
13
Suppose -3*h - 2*h = -10. Suppose 160 = 3*m - t, 3*t - 2*t = h. Calculate the remainder when m is divided by 19.
16
Suppose 20 = -3*h - 2*h. Let l = 21 + h. Calculate the remainder when -6*-2*4 - -2 is divided by l.
16
Let z(l) = 5*l. Let p(a) be the first derivative of -a**4/4 + 4*a**3/3 - 3*a**2/2 + a - 3. Let w be p(3). Calculate the remainder when 14 is divided by z(w).
4
Let q be (-1 - 1)*7/(-2). Let x = 14 - q. Calculate the remainder when 26 is divided by x.
5
Let v be (-147)/2 + (-8)/16. Calculate the remainder when (-12)/(-8)*v/(-3) is divided by 10.
7
Let u(n) = -9*n**3 - 4*n**2 - 3*n - 1. Calculate the remainder when u(-2) is divided by 21.
19
Suppose 0 = -2*q - b + 36, 3*q - 3*b = -5*b + 52. Calculate the remainder when 37 is divided by q.
17
Let s(a) = 3*a**2 - 2. What is the remainder when 77 is divided by s(-2)?
7
Let t(v) = -v**3 - v**2 + 8. Let f(a) = a**3 + 2*a**2 - 4*a - 5. Let h be (4 + -3 + -3)*1. What is the remainder when t(0) is divided by f(h)?
2
Suppose -3*q - q + 41 = i, q + i = 14. Calculate the remainder when 34 is divided by q.
7
Suppose 0 = -7*c + 2*c, 3*b + 3*c = 9. Suppose -t + 3*r + 6 = 2*r, -4*r = -b*t + 14. Calculate the remainder when 18 is divided by t.
8
Let k = -18 - -75. Calculate the remainder when k is divided by 15.
12
Calculate the remainder when (12/5)/(33/110) is divided by 3.
2
What is the remainder when 30 is divided by ((-51)/4)/(6/(-8))?
13
Let s = 4 - 1. Calculate the remainder when 31 is divided by (s - 0) + -2 - -10.
9
Let k = 38 - 23. Suppose -37 = -4*w + o, 5*o + 0 = k. What is the remainder when 38 is divided by w?
8
Let b(o) = -8*o**3 + 2*o**2 + 5*o + 1. What is the remainder when b(-2) is divided by 13?
11
Let a(d) = 2 - d + 0*d + 10. Let q be a(8). Suppose 0 = 2*n - q*r - 20, -2*r + 0 = -5*n + 74. Calculate the remainder when n is divided by 9.
7
Let d be 4*-2*1/2. Let l be (8/6)/(d/66). Let c = 36 + l. What is the remainder when 41 is divided by c?
13
Let p(d) = 3*d**2 - 11*d - 17. Let j(i) = -2*i**2 + 5*i + 9. Let q(z) = 5*j(z) + 3*p(z). What is the remainder when 28 is divided by q(-6)?
4
Suppose 8*j - 28 = 6*j. What is the remainder when 28 + (-3 - -2) + 0 is divided by j?
13
Let z be 2 - 1 - (-50)/(-10). Let n = z - -6. Suppose -3*q + 4 = -11. What is the remainder when q is divided by n?
1
Let j(q) = 9*q**3 - q**2 - q + 1. What is the remainder when 9 is divided by j(1)?
1
Let o = -50 - -53. What is the remainder when 7 is divided by o?
1
Let i(d) = -2*d - 6. What is the remainder when 64 is divided by i(-14)?
20
Let f = 135 + -89. What is the remainder when f is divided by 12?
10
Suppose -q - 5 = -21. Calculate the remainder when 40 is divided by q.
8
Let a be 0 + 0 + -2 + 54. Suppose 43 = 6*c - c + v, a = 5*c + 4*v. Let w(h) = -h**3 + 7*h**2 - 4*h - 7. Calculate the remainder when w(5) is divided by c.
7
Let l(n) be the third derivative of -n**6/120 - n**5/60 + n**4/6 - 2*n**3/3 - 2*n**2. Let v be l(-4). Calculate the remainder when 13 is divided by 3/9 + v/6.
3
Let t(w) = -w**2 + w + 20. Suppose 0*o + 3*o + 4*y - 12 = 0, -6 = -o - 2*y. Let h be t(o). Suppose 5*u - h = 5. What is the remainder when 14 is divided by u?
4
Suppose 4*t = -4*q + 40, 3*q + 2*t = 4*q - 7. Suppose 2*d = -q + 3. Let p(l) = l**3 + 5*l**2 + 4*l - 1. What is the remainder when 7 is divided by p(d)?
2
Suppose 6*i = 2*i + 12. Suppose 10 = 4*n - i*n. What is the remainder when n is divided by 6?
4
Suppose y + 1 = 5. Suppose -b - 90 = -y*b. Suppose 5*f = -4*n + 27, -3*f = -4*n - 5*f + b. Calculate the remainder when 14 is divided by n.
6
Suppose -8*l - 15 = -55. What is the remainder when 33 is divided by l?
3
Let u = -7 - 0. Let k(f) = f**2 + 4*f - 6. What is the remainder when 29 is divided by k(u)?
14
Let d = -1 - -8. Suppose d*j = 4*j + 72. Let q = j + -13. What is the remainder when 21 is divided by q?
10
Suppose 0 = u - 5*u + 28. Let i = -5 + u. What is the remainder when 4 is divided by i?
0
Suppose -2*z = -5*z + 87